s**3 + 9*s**2 - 8*s - 2. Let g be h(8). What is the units digit of x(g)?
5
Suppose 0 = -4*x + 3*z + 99, 18 = 2*x - x - 3*z. What is the units digit of x?
7
What is the hundreds digit of (-133 - 1)*6/(-4)?
2
Suppose -5*c - 175 = -d, 0 = -8*c + 5*c + d - 103. Let m = -22 - c. What is the tens digit of m?
1
Let g(a) be the second derivative of a**6/720 + 3*a**5/40 - a**4/6 + 2*a. Let y(n) be the third derivative of g(n). What is the units digit of y(-6)?
3
Suppose 0 = -r + 3. Let c(y) = y**3 - 7*y**2 + 6*y + 1. Let x be c(6). Suppose -r*d + 4 = x. What is the units digit of d?
1
Let d be 2 - (1 + -2 + 2). What is the units digit of ((-14)/6 + d)*-6?
8
Suppose -5*p + 137 = 12. What is the units digit of p?
5
Suppose 3*l + 3*s - 45 = l, 0 = 4*s - 12. Suppose 15 = 3*a - l. What is the tens digit of a?
1
Suppose 0 = 5*u - 5. Let j be (-2 + u)*(-3 + 8). Let a = 6 + j. What is the units digit of a?
1
Let z be 284/(-14) + (-10)/(-35). Let b be 24/5 + (-4)/z. Suppose -b*p = -42 + 2. What is the units digit of p?
8
Suppose -k = -6*k + 3*g + 1, 0 = -g + 3. Let p(h) = 2*h**3 - 2*h**2 + h - 1. What is the units digit of p(k)?
9
Let h = 4 - 0. Suppose 0 = -2*g + h + 2. Suppose r - b = 1 + 1, 5*b - 38 = -g*r. What is the units digit of r?
6
Let w = 18 + 50. Suppose -2*f = -2*z - 30, -f + 2*z = -6*f + w. What is the units digit of f?
4
Suppose 0 = -5*u - 0*u - 10. Let g be 1 + (u - 1) - 0. What is the units digit of (3 - -2) + -2 + g?
1
Suppose 2*h - 32 = 6. Let s = h - 3. What is the units digit of s?
6
Let d = -142 - -290. What is the hundreds digit of d?
1
Suppose 4 = c + 1. Suppose 0 = 3*m + 9, 5*u - c*m - 116 = 88. What is the units digit of u?
9
Suppose 106 = 4*c + u - 0*u, 0 = 5*u + 10. Suppose 0*r = z + 4*r - 23, -5*z + 2*r = -c. What is the units digit of z?
7
Let u be (-305)/(-35) + 4/14. Let y = u + -4. Suppose y*g + 3 + 7 = 0, 4*q - 34 = 3*g. What is the units digit of q?
7
Let u(l) = -l**3 + 14*l**2 - 11*l - 10. Suppose 0 = 4*s - 68 + 16. What is the tens digit of u(s)?
1
Suppose 168 + 162 = 5*y. Let r = -31 + y. What is the tens digit of r?
3
Let m be 18/5 - 3/5. Suppose 5 = p - 2*s - m, -2 = 5*p + 4*s. What is the units digit of p?
2
Let u(z) = -z**3 - 13*z**2 + 6*z - 10. Let g(c) = -3*c**3 - 38*c**2 + 19*c - 30. Let k(a) = -4*g(a) + 11*u(a). What is the tens digit of k(-10)?
1
Let k(o) = 37*o**2 - 3*o + 1. What is the hundreds digit of k(2)?
1
Let u be (-2)/5 + (-171)/(-15). Suppose -w = -2*v - 2*v - 13, -2*w + u = -5*v. What is the units digit of (-4)/(-8) - w/2?
4
Let t(b) = -b**2 + 4*b - 5. Let w be t(4). Let f = -3 - w. Suppose -2*m + 17 = 4*a - 15, 0 = -f*a + 3*m. What is the units digit of a?
6
Suppose 5*q + 4 = 4*y - 4, 4*q = -3*y + 6. Let o = q - 0. What is the units digit of 3/(-3)*(-2 + o)?
2
Let c = 7 + -13. Let l be (-1 - 3/c)*-6. Suppose -q + 4*k - 5 = 0, -l*q + 0*q - 4*k + 49 = 0. What is the tens digit of q?
1
Let u(n) be the first derivative of n**4/4 + 7*n**3/3 - 9*n**2/2 - 5*n + 4. Let g be u(-8). What is the units digit of 24/5*10/g?
6
Suppose 0 = 4*w - w - 120. Suppose 3*m + 5*j = w, -4*m + 0*j = 2*j - 30. What is the units digit of m?
5
Suppose -5*j - g = -7, -5*j + 8 = -2*g - 8. Suppose -19 = c - j*c. What is the units digit of c?
9
Let d = 6 - -28. What is the tens digit of d?
3
Let w(i) = -i**3 + 11*i**2 + 12*i + 11. Suppose 0 = -2*n + 10 + 14. What is the units digit of w(n)?
1
Let r = -26 - -45. Let i = 32 - r. Let z = i - 1. What is the units digit of z?
2
Let a = 19 + -17. Suppose 0 = -2*s + m + 11 + 2, 0 = m + 5. Suppose -s*b + 10 - a = 0. What is the units digit of b?
2
Let c(r) = r**3 + 6*r**2 - 7*r - 6. Let m be c(-6). What is the tens digit of (40/24)/(2/m)?
3
Let f(z) = 3*z - 1. Let y be f(2). Suppose -4*t - 3 - 1 = 0, t + 31 = y*l. What is the units digit of l?
6
Let t(c) = -c**3 + 5*c**2 - 2*c - 4. Suppose 18 = -2*x + 4*x. Suppose 7*q - 4*q = x. What is the units digit of t(q)?
8
Let k = -1 - -4. Suppose -t = 5*c - k*t - 19, -15 = -5*t. What is the units digit of c?
5
Suppose 5*g = 3*g + 5*s + 252, -g = -4*s - 129. What is the tens digit of g?
2
Suppose 11*u = -2*u + 702. What is the units digit of u?
4
Let q be 96/(-9) + 6/9. Let t = -6 - q. Suppose -5*n + 1 = -t*k, -5*k = -k - 3*n - 1. What is the units digit of k?
1
Suppose i - 170 = -3*c, c + 4*c = i - 202. What is the tens digit of i?
8
Suppose 6*a - 3*a + q - 341 = 0, 4 = -4*q. What is the hundreds digit of a?
1
Suppose 4*l = -x + 1509, -2*x + 5*l = -0*x - 2992. Suppose 0 = 2*f - 7*f - 5*m - 1895, 4*f + m + x = 0. What is the tens digit of f/(-18) + (-8)/(-36)?
2
Let v = 19 + -2. Suppose -5*w + 4*w - v = -2*n, 3*n = -3*w + 30. What is the units digit of n?
9
Let f be 0 + 0 - (-3 + 0). Suppose -4*s - 16 = -f*s. What is the units digit of (-2)/(-6) - s/6?
3
Let s = -101 - -141. What is the units digit of s?
0
Let x be -5 + 7 + (0 - 2). Suppose 4*f + 24 = -x*f. What is the units digit of (9/f)/(3/(-4))?
2
Suppose -2*d + d = -6. Suppose -s + 5*s + 32 = 4*j, -2*s + 20 = j. Let m = j - d. What is the units digit of m?
6
Let w = 47 + -23. What is the tens digit of w?
2
Suppose 0 = d - 0*d - 2. Suppose d*z - 3*z = -12. What is the units digit of z?
2
Let j(r) be the first derivative of -2*r**2 + 13*r - 8. What is the tens digit of j(-9)?
4
What is the units digit of 6/(-45)*-3*90?
6
Let g be 10*(-2)/(-6)*3. Let l = -3 + 6. Let f = g - l. What is the units digit of f?
7
Suppose 16 = -12*z + 1228. What is the tens digit of z?
0
Let j(z) = -z - 5. Let d be j(-8). Suppose 13 - d = 5*o. Suppose 0 = -4*b - 4*g + 48, g - o*g + 1 = 0. What is the tens digit of b?
1
Suppose -2*n = -3*r - 0*r - 4, -5*r + 5*n = 15. Let l(s) = 13*s + 2. Let m be l(r). Suppose -3*c - 7 = 3*f - 28, 3*c = 4*f + m. What is the units digit of c?
8
Let j(n) = -n + 6. Let d be 2*(-1)/4*12. Let h = d - -11. What is the units digit of j(h)?
1
Let z(r) = r + 5. Let w be z(-5). Suppose 3*u = -w*u + 21. What is the units digit of u?
7
Let t(h) = 7*h + h**3 - 9*h + 13*h + 12*h**2 + 8. Let w(a) = a**2 + 9*a + 7. Let s be w(-6). What is the units digit of t(s)?
8
Let y be (-6 + 1)*24/(-30). Suppose 10 = 3*b - h, 2*b - 18 = b + y*h. What is the units digit of b?
2
Let b be (2 - -1)*(-8)/(-6). Let q(d) = b*d + 0*d + 7 - 5*d. What is the units digit of q(5)?
2
Let w = -27 - -42. What is the units digit of 4/(-6) + 160/w?
0
Suppose 4 = -2*w, -2*i = -3*w - 0*w - 26. Let x = 38 + -22. Let b = x - i. What is the units digit of b?
6
Let r = 10 + 26. What is the tens digit of r?
3
Let f = 151 + 86. What is the tens digit of f?
3
Let o = -87 - -139. Let i = o - 37. Suppose 0 = -2*v + v + i. What is the units digit of v?
5
Let u(r) = -r + 3. Let i be u(0). Suppose 0 = -3*m - m - 5*o + 8, 6 = i*m - 4*o. Suppose 0 = m*g - 5*g + 9. What is the units digit of g?
3
Let y(v) be the first derivative of -v**3/3 - 4*v**2 + 4*v + 2. Let d(x) = -3*x - 1. Let t be d(2). What is the units digit of y(t)?
1
Suppose s + 2*s = 6. Let k(v) = -v**3 - v**2 + 2*v. Let t be k(s). What is the units digit of (10/(-8))/(2/t)?
5
Let m be 2/(-5) - (-34)/10. Suppose g + k + 17 = m*g, 0 = -4*g - 2*k + 54. What is the units digit of g?
1
Let s be 2*(0 - (-7)/2). Let o(f) = -f + 8. Let l be o(s). What is the units digit of (-3)/(6/(-8)) - l?
3
Suppose -4*r = 3*b - 194, 0 = -4*r - 0*r + 5*b + 210. What is the units digit of r?
0
Let i = 4 + 3. What is the units digit of i?
7
Suppose -1088 = -5*f + 2*b, -3*f + 848 = 2*b + 192. What is the tens digit of f?
1
Suppose 10 = -2*d - 0, -5 = 4*j + d. What is the tens digit of 13 + j/2 + -2?
1
Let q(s) = 2*s**2 + 1 + 0*s**2 - 3*s**2 - 6*s**3. Let b be q(-1). Let j = b + -3. What is the units digit of j?
3
Let a(g) = -61*g - 3. What is the units digit of a(-1)?
8
Suppose 5*g = -25, 2*g = -7*o + 2*o - 25. Let u(m) = -2*m - 6 - 9 + 12. What is the units digit of u(o)?
3
Let d = -34 - -68. Let f = d - 9. What is the tens digit of f?
2
Let b(k) = -3*k**2 + k - 4. Let u(y) = -2*y**2 - 2. Let n(i) = 3*b(i) - 5*u(i). Let r be n(-5). What is the units digit of (7/4)/(2/r)?
7
Suppose -i + 0 = -5. Let v = i - 0. Suppose v*d = d + 12. What is the units digit of d?
3
Suppose 280 = -6*h + 10*h. What is the tens digit of h?
7
Suppose 4*w = 9*w - 1115. What is the units digit of w?
3
Suppose -4*w = 2*p - 46, 14 + 11 